{"id":1664,"date":"2017-05-08T19:14:11","date_gmt":"2017-05-08T19:14:11","guid":{"rendered":"http:\/\/www.autoescuelaaurrera.com\/?page_id=1664"},"modified":"2021-11-16T10:53:48","modified_gmt":"2021-11-16T10:53:48","slug":"condiciones-de-venta","status":"publish","type":"page","link":"https:\/\/autoescuelaaurrera.com\/index.php\/condiciones-de-venta","title":{"rendered":"Condiciones de venta"},"content":{"rendered":"<div class=\"fusion-fullwidth fullwidth-box fusion-builder-row-1 fusion-flex-container nonhundred-percent-fullwidth non-hundred-percent-height-scrolling\" style=\"background-color: rgba(255,255,255,0);background-position: center center;background-repeat: no-repeat;border-width: 0px 0px 0px 0px;border-color:#eae9e9;border-style:solid;\" ><div class=\"fusion-builder-row fusion-row fusion-flex-align-items-flex-start\" style=\"max-width:1248px;margin-left: calc(-4% \/ 2 );margin-right: calc(-4% \/ 2 );\"><div class=\"fusion-layout-column fusion_builder_column fusion-builder-column-0 fusion_builder_column_1_1 1_1 fusion-flex-column\"><div class=\"fusion-column-wrapper fusion-flex-justify-content-flex-start fusion-content-layout-column\" style=\"background-position:left top;background-repeat:no-repeat;-webkit-background-size:cover;-moz-background-size:cover;-o-background-size:cover;background-size:cover;padding: 0px 0px 0px 0px;\"><div class=\"fusion-text fusion-text-1\"><h1>Condiciones de venta<\/h1>\n<p>En esta secci\u00f3n te explicamos las facilidades que AUTOESCUELA AURRERA ofrece en el momento del proceso de matriculaci\u00f3n online o cualquier otro producto disponible en nuestra web. Un equipo de profesionales est\u00e1 a tu disposici\u00f3n para atenderte en cualquier parte del pedido, as\u00ed como otro tipo de consultas.<\/p>\n<h2><strong>Ponemos a tu disposici\u00f3n tres formas de hacer un pedido:<\/strong><\/h2>\n<p>1. Por internet en nuestra web: www.autoescuelaaurrera.com (24h\/d\u00eda, 365 d\u00edas al a\u00f1o)<\/p>\n<p>2. Por correo electr\u00f3nico, informacion@autoescuelaaurrera.com (indicando datos de contacto, art\u00edculo y resto de especificaciones y forma de pago elegida). Nos pondremos en contacto contigo para confirmar el pedido.<\/p>\n<p>3. Por tel\u00e9fono en el n\u00famero 945 255698, a tu disposici\u00f3n de Lunes a Viernes de 10:00h a 13:00h y de 16:00h a 20:00h.<\/p>\n<p>4. Tambi\u00e9n puedes acercarte a nuestra oficina en la Calle Los Herr\u00e1n 2 bajo, 01004 Vitoria-Gasteiz (\u00c1lava), de Lunes a Viernes de 10:00h a 13:00h y de 16:00h a 20:00h.<\/p>\n<h2>Pago y Seguridad<\/h2>\n<p>Desde AUTOESCUELA AURRERA ofrecemos la m\u00e1xima seguridad en el proceso del pago. Nuestra web tiene la certificaci\u00f3n de Confianza Online, que garantiza la seguridad en todos los procesos de la compra, incluidas las garant\u00edas de los productos, y por supuesto el pago, de la manera que elijas hacerlo.<\/p>\n<p>Nuestras formas de pago son 100% seguras y ofrecemos las siguientes opciones:<\/p>\n<p>\u2022 Tarjeta de cr\u00e9dito o d\u00e9bito, a trav\u00e9s de una conexi\u00f3n con la pasarela de pago de nuestro operador bancario, totalmente segura.<\/p>\n<p>\u2022 Transferencia bancaria o Bizum. En el momento de la compra al elegir esta opci\u00f3n, recibir\u00e1s un email con las indicaciones necesarias para realizar el pago y formalizar el pedido. CaixaBank ES24 2100 0595 29 1300012638. Cuando realices la transferencia, indica en el concepto. Tambi\u00e9n puedes realizar el pago por Bizum dentro de esta modalidad enviando el pago al t\u00e9lefono m\u00f3vil.<\/p>\n<p>MATRICULACI\u00d3N\/CLASES WEB [N\u00famero]\/Nombre de cliente. Si nos adelantas la transferencia bancaria por correo electr\u00f3nico a informacion@autoescuelaaurrera.com intentaremos agilizar el tr\u00e1mite.<\/p>\n<h2>Env\u00edos<\/h2>\n<p>Una vez que realices la compra online, Al finalizar tu pedido te aparecer\u00e1 en pantalla el siguiente mensaje: \u201ctu pedido se ha realizado correctamente\u201d.<\/p>\n<p>Si la compra realizada se refiere a la matriculaci\u00f3n, a continuaci\u00f3n te enviaremos, a trav\u00e9s del correo electr\u00f3nico que nos indicaste al rellenar tus datos, una confirmaci\u00f3n de compra, con todos los datos de tu pedido y una clave para acceder a los test y clases virtuales.<\/p>\n<p>Los libros, en su caso, junto con el contrato rellenado se recoger\u00e1n en la autoescuela ya que es obligatorio acudir a nuestra oficina con el fin de cumplimentar las autorizaciones correspondientes para la tramitaci\u00f3n de gestiones en tr\u00e1fico.<\/p>\n<p>Si tu compra realizada a trav\u00e9s de la web, incluye clases pr\u00e1cticas, recibir\u00e1s tambi\u00e9n la factura correspondiente que servir\u00e1 de justificante de pago de las mismas.<\/p>\n<p>Los periodos de entrega de nuestras claves de accesos var\u00edan entre 1 y 2 d\u00edas laborables, despu\u00e9s de la recepci\u00f3n del pago.<\/p>\n<p>Los pedidos recibidos los s\u00e1bados, domingos y festivos, ser\u00e1n tramitados el primer d\u00eda laboral posterior al mismo.<\/p>\n<p>(Aseg\u00farate que escribes bien tu mail, tu tel\u00e9fono y la direcci\u00f3n a la hora de realizar tu pedido).<\/p>\n<p>No hay gastos de env\u00edos, puesto que no enviamos ning\u00fan material. Es obligaci\u00f3n del alumno pasarse por nuestras oficinas en la calle Los Herr\u00e1n 2 bajo en Vitoria-Gasteiz con el fin de que se le haga entrega de todo el material y firmar los contratos y las correspondientes tasas y autorizaciones para realizar los tr\u00e1mites en tr\u00e1fico. Horario de Lunes a Viernes de 10:00h a 13:00h y de 16:00h a 20:00h.<\/p>\n<h2>Devoluciones<\/h2>\n<p>Una vez recibidas las claves para empezar el curso, salvo error en ellas, no se admitir\u00e1n devoluciones.<\/p>\n<p>AUTOESCUELA AURRERA no se hace responsable de un mal uso del producto. Todos los productos que adquieras son validos durante la duraci\u00f3n del contrato.<\/p>\n<h3>TERMINOS DE SERVICIO<\/h3>\n<p>El alumno acepta pasarse por nuestras oficinas en la calle Los Herr\u00e1n 2 bajo en Vitoria-Gasteiz con el fin de que se le haga entrega de todo el material y firmar los contratos y las correspondientes tasas y autorizaciones para realizar los tr\u00e1mites en tr\u00e1fico.<\/p>\n<\/div><\/div><style type=\"text\/css\">.fusion-body .fusion-builder-column-0{width:100% !important;margin-top : 0px;margin-bottom : 0px;}.fusion-builder-column-0 > .fusion-column-wrapper {padding-top : 0px !important;padding-right : 0px !important;margin-right : 1.92%;padding-bottom : 0px !important;padding-left : 0px !important;margin-left : 1.92%;}@media only screen and (max-width:1024px) {.fusion-body .fusion-builder-column-0{width:100% !important;}.fusion-builder-column-0 > .fusion-column-wrapper {margin-right : 1.92%;margin-left : 1.92%;}}@media only screen and (max-width:640px) {.fusion-body .fusion-builder-column-0{width:100% !important;}.fusion-builder-column-0 > .fusion-column-wrapper {margin-right : 1.92%;margin-left : 1.92%;}}<\/style><\/div><\/div><style type=\"text\/css\">.fusion-body .fusion-flex-container.fusion-builder-row-1{ padding-top : 0px;margin-top : 0px;padding-right : 0px;padding-bottom : 0px;margin-bottom : 0px;padding-left : 0px;}<\/style><\/div>\n","protected":false},"excerpt":{"rendered":"","protected":false},"author":1,"featured_media":0,"parent":0,"menu_order":0,"comment_status":"closed","ping_status":"closed","template":"","meta":[],"_links":{"self":[{"href":"https:\/\/autoescuelaaurrera.com\/index.php\/wp-json\/wp\/v2\/pages\/1664"}],"collection":[{"href":"https:\/\/autoescuelaaurrera.com\/index.php\/wp-json\/wp\/v2\/pages"}],"about":[{"href":"https:\/\/autoescuelaaurrera.com\/index.php\/wp-json\/wp\/v2\/types\/page"}],"author":[{"embeddable":true,"href":"https:\/\/autoescuelaaurrera.com\/index.php\/wp-json\/wp\/v2\/users\/1"}],"replies":[{"embeddable":true,"href":"https:\/\/autoescuelaaurrera.com\/index.php\/wp-json\/wp\/v2\/comments?post=1664"}],"version-history":[{"count":4,"href":"https:\/\/autoescuelaaurrera.com\/index.php\/wp-json\/wp\/v2\/pages\/1664\/revisions"}],"predecessor-version":[{"id":2714,"href":"https:\/\/autoescuelaaurrera.com\/index.php\/wp-json\/wp\/v2\/pages\/1664\/revisions\/2714"}],"wp:attachment":[{"href":"https:\/\/autoescuelaaurrera.com\/index.php\/wp-json\/wp\/v2\/media?parent=1664"}],"curies":[{"name":"wp","href":"https:\/\/api.w.org\/{rel}","templated":true}]}}